of t?
11, 1579
Suppose -a + 9 - 9 = 0. Suppose -3*o + h + 19 = a, -3*o - h + 25 = h. Suppose 8*m - o*m - 159 = 0. What are the prime factors of m?
3, 53
Let p = -967 - -1636. Suppose i - 3*t - 213 = 0, 4*i + 2*t - p - 197 = 0. What are the prime factors of i?
2, 3
Suppose 109993 = -26*l + 359333. What are the prime factors of l?
2, 5, 7, 137
Suppose -2*u + 50 = 36. Let h(r) = 2*r**2 - 13*r - 7. Let v be h(u). Suppose 5*y + 0*d = 4*d + 1297, v = -y - 5*d + 242. What are the prime factors of y?
257
Suppose 0 = 74*n - 75*n + g + 85096, -255281 = -3*n - 4*g. What are the prime factors of n?
3, 5, 31, 61
Suppose 15964 = c - 5*z, -87*c = -85*c + 3*z - 31915. List the prime factors of c.
15959
Suppose -136*l + 7429894 = -7575789 + 6201587. List the prime factors of l.
2, 7, 17
Let v(d) = d**2 + 20*d - 15. Let p be v(-20). Let r(m) = -m**2 - 12*m + 35. Let w be r(p). Let a = w + 14. List the prime factors of a.
2
Let p(b) = -14*b + 2. Let h(l) = 7*l - 1. Let m(w) = 7*h(w) + 4*p(w). Let z be (-4 + 9/2)*-10. List the prime factors of m(z).
2, 3
Let s = -13898 + 23763. What are the prime factors of s?
5, 1973
Suppose 9*j - 48483 = 11997. Suppose 26*m - 5*m = j. What are the prime factors of m?
2, 5
Let w(j) = -57 + 12*j + 70 + 22 + 3*j. What are the prime factors of w(5)?
2, 5, 11
Suppose 0 = 13*a - 19*a + 32802. Let g be a/35 + (-1)/5. Let m = -65 + g. What are the prime factors of m?
7, 13
Let k = 287 - 283. Suppose -533 = -2*x - 3*j, j + 254 = k*x - 3*x. What are the prime factors of x?
7, 37
Let a(s) = 2*s**2 + 23*s - 11. Let p be a(-18). Let y = p + -11. Let v = y + -90. List the prime factors of v.
2, 61
Let p(o) = o + 1. Let y be p(4). Suppose 13*n = 15*n + y*g - 328, g = -4. What are the prime factors of n?
2, 3, 29
Let k(i) = 2 - 2 + 24*i**2 - 6 + 65*i**2 + 5. Suppose 4*f + f = 5. List the prime factors of k(f).
2, 11
Suppose -5*d - 9172 = -x + 32325, -2*d = 3*x - 124542. List the prime factors of x.
2, 5189
Suppose 2*l + 93 = 85. Let z(p) = 53*p**2 + 8*p - 6. What are the prime factors of z(l)?
2, 3, 5
Suppose -19*y - 93 = 2*d - 24*y, -20 = -4*y. Suppose -4*o = l + 70, 0*o = -3*o - 3*l - 48. List the prime factors of d*(o/4 + 4).
17
Let u be 180/105*(-14)/(-4). Suppose u*o = 4*o + 24. Suppose 2097 = o*z + 453. List the prime factors of z.
137
Let z(j) = -95*j + 15. Let a(b) = 32*b - 5. Let w(l) = -17*a(l) - 6*z(l). Let f be -5*(87/15 + -6). What are the prime factors of w(f)?
3, 7
Let s(t) be the second derivative of -t**3/6 + 2*t**2 + 17*t. Let q be s(-11). Suppose 5*z = 4*z + q. What are the prime factors of z?
3, 5
Let v(i) = 2*i**2 - 3*i**2 + 48 - 96*i + 115*i. Let y be v(21). Suppose y*d = 848 + 442. List the prime factors of d.
5, 43
Let t(s) = -647*s - 1084. What are the prime factors of t(-7)?
5, 13, 53
Suppose 0 = 4*j + n - 6575, 4*j + 0*n + 3*n - 6565 = 0. Let a = j - 757. What are the prime factors of a?
2, 3, 37
Let c(i) = 3*i**2 - 12*i - 183. Let v = 171 - 187. List the prime factors of c(v).
3, 7, 37
Let d(v) = -2*v**3 + 23*v**2 + 2*v + 24. Let z(t) = 5*t**3 - 47*t**2 - 4*t - 49. Let y(c) = -9*d(c) - 4*z(c). List the prime factors of y(-11).
5, 73
Let r(q) = q**2 + 6*q + 8. Let k = 102 - 105. Let b be r(k). List the prime factors of (73 - 70) + (-132)/b*1.
3, 5
Let w(n) be the first derivative of -n**4/4 - 10*n**3/3 + 5*n**2/2 - 22*n + 376. Suppose 2*m + 10 = -r, 3*m = -m + 4. List the prime factors of w(r).
2, 103
Let u(s) = -s**2 + 3*s. Let p(n) = -8*n**2 - 44*n + 3. Let f(i) = -p(i) + 5*u(i). List the prime factors of f(-26).
491
Let m(j) = -3*j**3 + 2*j**2 - 2*j - 2. Let c be (0 + 2)*(5 - 4). Let z be m(c). Let t(d) = -d + 25. What are the prime factors of t(z)?
47
Let n(f) = -258*f - 883. List the prime factors of n(-19).
4019
Let n(s) be the second derivative of s**4/4 + 13*s**3/3 + 147*s**2/2 - 240*s. List the prime factors of n(-21).
2, 3, 7, 11
Suppose 6*d - 2297 = -5*a, -a = 3*d - 944 - 212. What are the prime factors of d?
3, 43
Suppose 3*k + 0*k - 57 = 0. Let d = k + -15. Suppose -i = v - d, i + i = -10. What are the prime factors of v?
3
Let k(l) = 70*l**2 - 1005*l + 18. What are the prime factors of k(25)?
103, 181
Suppose w + w = 4*r - 4068, -5*w - 2042 = -2*r. Suppose -7*q + r = -5*q. List the prime factors of q.
2, 127
Suppose 7*w - 8*w + 5*a = 19, -3*a = -3*w - 45. List the prime factors of (3 - (-1925)/(-33))*(w - 1).
2, 5, 83
Suppose 15*a = 28*a - 52. List the prime factors of 3*a*2/(-84)*-77.
2, 11
Let w(s) = -s**3 + s + 171 - 319 + 153 + 9*s**2. Let l = 11 - 4. List the prime factors of w(l).
2, 5, 11
Let c = -306 - -319. Let q(a) = 2*a**3 - 19*a**2 + 15*a - 4. What are the prime factors of q(c)?
2, 3, 229
Let r be (-89962)/4 + (9/2 - 6). List the prime factors of 14/105 - r/60.
3, 5
Let f(h) = h**2 + 18*h + 77. Let j be f(-15). Suppose 794 = j*l - 30*l. What are the prime factors of l?
397
Suppose 4*l - 125 - 1999 = -4*y, 0 = -2*l + 2*y + 1058. Let b = l + -209. What are the prime factors of b?
3, 107
Let q(v) = 554*v**2 - 120*v - 602. List the prime factors of q(-5).
2, 3, 577
Let p = 258 + -268. What are the prime factors of 589 + (p/35 - 32/(-14))?
3, 197
Suppose 12*d - 13*d - 285 = 0. Suppose 0*u - 592 = 3*u + 4*l, -u = 3*l + 194. Let f = u - d. What are the prime factors of f?
5, 17
Let a be (-48)/(-336) - (-34)/7. Suppose -5*i + 329 = 3*t - 143, 174 = t + a*i. List the prime factors of t.
149
Let k(x) = 86*x**2 + 45*x - 81. What are the prime factors of k(9)?
2, 3, 5
Let q(p) = p**3 - 9*p**2 - 2*p - 5. Let g be q(9). Let y(t) = t**2 + 12*t + 46. What are the prime factors of y(g)?
13, 23
Suppose -k + 5 = 0, 3*k - 15 = -3*q - 0*k. Suppose q = -10*a + 8326 + 2704. List the prime factors of a.
1103
Let s(i) = 4*i**2 + 4*i - 13. Let z be s(-10). Suppose -5*g = m - 311, -m + 3*g + z = -g. Let b = 490 - m. List the prime factors of b.
3, 53
Suppose -3*s - 6*s = -3*s - 31536. What are the prime factors of s?
2, 3, 73
Let p be -3 + 355 + 0 - 4. Let g = p + 18. List the prime factors of g.
2, 3, 61
Let t(o) = -o**2 + 8*o - 1. Let a(w) = w**2 - 7*w. Let y be (-11)/((-165)/(-20))*9/(-2). Let u(l) = y*t(l) + 7*a(l). List the prime factors of u(-10).
2, 13
Let i(v) be the first derivative of v**2 + 6*v + 10. Let w be ((-1)/3)/(2/(-42)). List the prime factors of i(w).
2, 5
Suppose -2*g - 6*p = -2*p - 13206, 3*g + 5*p - 19814 = 0. Suppose 4*j + 3*d = g, -7*j + 3329 = -5*j - 3*d. List the prime factors of j.
1657
Let f = -25 + 57. Suppose -5*j - 3*j + f = 0. What are the prime factors of ((-26)/j - 1)/(21/(-308))?
2, 5, 11
Let n(b) = -1522*b + 4796. List the prime factors of n(-16).
2, 3, 7, 347
Suppose 735*z - 151557 = 714*z. What are the prime factors of z?
7, 1031
Let n be 0 + (-200)/(-105) + 2/21. Suppose 5*p + 1659 = n*l, -2*l + 2*p + p = -1653. What are the prime factors of l?
2, 3, 137
Let g(d) = 21*d - 147. Let i be g(7). Suppose -r + 340 + 76 = i. What are the prime factors of r?
2, 13
Suppose 4*w - 4*g - 100 = 8*w, -5*w = 2*g + 116. What are the prime factors of ((-10)/16)/(w/48752)?
5, 277
Suppose -13*i = -14*i + 6. Let m be i*(0 - (-4)/(-12)). List the prime factors of -2*(75/m - -3).
3, 23
Let x(t) = -2*t**2 + 27*t - 8. Let u be x(13). Suppose 5*l - 59 = 3*v - 229, -u*v + 5*l + 280 = 0. What are the prime factors of v?
5, 11
Let p(n) = 3*n**2 + 30*n + 8. Let q be p(-8). Let f = 43 + q. Suppose 5*t = 4*j - 542, -t - 422 = -f*j - 5*t. What are the prime factors of j?
2, 3, 23
Let y(z) be the second derivative of 17*z**4/12 + 4*z**3/3 - 89*z**2/2 + 2*z + 31. What are the prime factors of y(6)?
571
List the prime factors of ((-3232)/12 - 1)*(-21)/1.
7, 811
Let b(n) = -77*n + 5. Let v(s) = -1. Let g(u) = -b(u) - 3*v(u). Let t be ((-12)/(-21))/((-12)/(-42)). List the prime factors of g(t).
2, 19
Let v(w) = -547*w - 1946. List the prime factors of v(-20).
2, 3, 1499
Let l(g) = 3*g**2 - 46*g + 11. Let k be l(17). Suppose -k = -4*u + t, -5*u - 4*t = t - 95. What are the prime factors of u?
23
Let u(g) = g**3 + 26*g**2 - 5*g - 41. Let y be (-120)/18*3 + -6. List the prime factors of u(y).
89
What are the prime factors of (-3)/(-1) - ((-21)/(-294) + 1420321/(-98))?
2, 3, 151
Let d(g) = 115*g + 250. Let i(s) = -3*s + 1. Let t(o) = -d(o) + 4*i(o). List the prime factors of t(-13).
5, 281
Let r(d) = -4*d**2 + 26*